f n?
4
Let q be 67392/320 - 3/5. Let t = 435 - q. What is the hundreds digit of t?
2
Suppose 4*r = -4*w, -r - r - 3*w = 0. Let n be (2 + r)*43/6*-6. Let s = 222 + n. What is the units digit of s?
6
Let h(q) be the second derivative of -q**4/24 - 5*q**3/3 - 9*q**2 - 26*q. Let b(y) be the first derivative of h(y). What is the units digit of b(-12)?
2
Let k(x) = -4*x**3 + 5*x**2 - 14*x - 12. Let u = 496 - 502. What is the units digit of k(u)?
6
Let n = -5474 - -8549. What is the thousands digit of n?
3
Suppose -7*i = 7*i + 6*i. Suppose -2*z + 617 + 495 = i. What is the hundreds digit of z?
5
Let r(h) = h**3 + 15*h**2 - h - 1. Let g be r(-11). Let q = g + 93. What is the hundreds digit of q?
5
What is the hundreds digit of -8 + ((-44 - -49) + 257/3)*558?
5
Let c(w) = -7*w - 61. Let j be c(-19). What is the units digit of -12*(-3928)/j + 5/(-3)?
3
Suppose n = -n - 238. Suppose 4*x + 265 + 22 = -k, 5*x - 1211 = 4*k. Let g = n - k. What is the units digit of g?
0
Let h(c) = 40*c**3 - c**2 + 1. Let l be h(-1). What is the units digit of 5/1*(0 - (l + -1))?
5
Suppose y - 31 = 13. Suppose 5*o - 206 = y. Let t = 61 - o. What is the tens digit of t?
1
Let m = -18460 + 27239. What is the tens digit of m?
7
Let o(i) = i + 18. Let j be o(-14). Suppose 0 = 2*y + j, l - 52 = y - 6*y. What is the tens digit of l?
6
Suppose 3*y - 4*x = -7, 0 = -x + 4 - 0. What is the units digit of (-6)/30 - (y - 5882/10)?
5
Suppose 5*g = -10, 2*j + g - 114 = 76. Let b = 13 - j. Let r = b - -164. What is the units digit of r?
1
Let p(a) = -a**2 - 21*a + 34. Let n be p(-24). What is the units digit of 129*(n/6 + 7)?
6
Let w = -3735 + 9061. What is the thousands digit of w?
5
Suppose 65 = 4*k - 5*y, 0 = -10*k + 7*k - 2*y + 43. Suppose -6481 = -4*t + p, -3 = 4*p - k. What is the hundreds digit of t?
6
Suppose 0 = 3*w + 5*s - 24047, 5*w - 3*s = 4921 + 35146. What is the units digit of w?
4
Let l = -3575 - -8057. What is the thousands digit of l?
4
Let l(n) = 3*n + 10 + 12 + 17. Let m be l(-13). Suppose -11*c = -m*c - 231. What is the tens digit of c?
2
Let x be (10/(-15))/((-4)/24). Suppose 1153 = 5*w + x*t - 0*t, 0 = 2*t + 6. What is the hundreds digit of w?
2
Suppose -12 = -m - 10. Let s(h) = 7*h**2 + 7*h + h**3 + 8*h**m - 15 - 14*h. What is the units digit of s(-15)?
0
Let f(r) = 26*r**2 + 24*r + 4. Let o be f(-10). Let d be (-4)/(-18) - o/(-54). What is the units digit of -2 + d + (4/2 - -1)?
5
Let a(v) = 3*v**2 + 2. Let t be a(0). Suppose l - 3*w + 6 = -57, w + 119 = -t*l. What is the hundreds digit of ((-170)/(-8) + -1)/((-5)/l)?
2
Let t(n) = -2*n**2 + 9 - 15*n - 30 - 25 + 58*n**3 - 59*n**3. What is the hundreds digit of t(-5)?
1
Let u be (112/(-48))/(2/(-12)). Suppose 18*q + 144 = u*q. What is the tens digit of (-12)/8*2 - q?
3
Suppose -2*q - 812820 = -22*q. What is the tens digit of q?
4
Suppose 4*x - 4*v - 7 = 25, 32 = 4*x + 5*v. Let i = -10 + x. What is the tens digit of i/(-4) + 142/4?
3
Let a(c) = 26*c - 10. Let x(t) = -t + 1. Let i(q) = -a(q) + x(q). Let h be i(-7). Suppose -b - h = -6*b. What is the tens digit of b?
4
Let y(s) = -11*s + 69. Let m be y(5). Suppose -2499 + 329 = -m*x. What is the tens digit of x?
5
Let x be -2*-6*(-9)/(-12). Suppose u - 4*q = -76, 5*u - 4*q = x*u + 284. Let w = u + 206. What is the units digit of w?
4
Let g = 61 + -71. Let w be 2/(-16)*-20*(-24)/g. Suppose -w*s = -12*s + 252. What is the tens digit of s?
4
Let m(b) = -14*b**3 - 16*b**2 - 4*b - 8. Let y be m(-11). Suppose -29*w = 4641 - y. What is the units digit of w?
7
Let n(z) = 24*z**2 - 23*z + 191. What is the hundreds digit of n(-26)?
0
Let i = 18 + -15. Suppose j - 4 = -6, i*j = -5*d + 1719. What is the units digit of (-11)/(220/d)*2*-2?
9
Suppose 2*o + d + 3*d = 18, 4*o + 5*d - 33 = 0. Suppose j + 11 - o = 0. What is the units digit of (2 - j)*13/2?
9
Let d be -9 - (0 + -1)*3. Let i = 44 + d. What is the tens digit of i?
3
Let u = -4485 - -6660. What is the tens digit of u?
7
Let g = 604 + -331. Let v(f) = -f**3 + 19*f**2 - 17*f - 18. Let s be v(18). Suppose 0 = h + 2*h - 3*c - g, c = s. What is the tens digit of h?
9
Let f(w) = 421*w**2 - 64*w + 322. What is the units digit of f(5)?
7
What is the units digit of (397044/(-20))/(174/(-290))?
7
Let w be ((54/6 - 4) + -400)*1. Let n = w - -514. What is the units digit of n?
9
Suppose -5*f - q + 26678 = 0, 4*f + 5*q + 3295 = 24608. What is the hundreds digit of f?
3
What is the tens digit of 11692*8/(-176)*-11?
4
Suppose -4*q - 4*y + 118344 = 0, -31*y + 88726 = 3*q - 36*y. What is the hundreds digit of q?
5
Let d = 17 + -20. What is the hundreds digit of ((-25828)/132)/(1/d)?
5
Let r be 5/(195/123) - 6/39. Suppose -r*s - 51 = 108. Let m = -38 - s. What is the tens digit of m?
1
Let k be 2/19 - (-319522)/551. Let t = 6 + -4. Suppose -5*v + 560 = 5*x, t*v = -5*x + v + k. What is the hundreds digit of x?
1
Let u(n) = 90*n - 217. Let y be u(8). Let c = -326 + y. What is the units digit of c?
7
Let i be 165/20 - (1 + 3/(-4)). Let p be (-3 - -2)*(i - 4 - 10). Suppose -p*o = -7*o + 46. What is the units digit of o?
6
Let z be (264/16)/(2 + (-3)/2). Let h = -30 + z. What is the units digit of h/4 - 4/32*-170?
2
Let o(z) = -z**2 + 20*z + 28. Let h be o(21). Let y be 300/h + (-19)/(-133). Suppose y + 113 = 3*f. What is the units digit of f?
2
Suppose 11*a + 76 = -w + 9*a, 5*a + 82 = -w. Let g be 86/(-5) + (-72)/90. What is the units digit of ((-96)/g)/((-2)/w)?
2
Let l(c) = 7*c**2 + 90*c - 272. What is the tens digit of l(-44)?
2
Let b be (-5 - -431) + 2 + 12/(-2). Suppose 3*m - 1171 = -0*q - 4*q, 0 = m - 5*q - b. What is the units digit of m?
7
Suppose 6*p = -4*p + 30. Let z be p/(-2 - (-197)/97). Suppose 5*q - z = 4*q. What is the tens digit of q?
9
Suppose -22 = 61*k - 59*k. Let x(s) = 6*s**2 - 2*s - 80. What is the hundreds digit of x(k)?
6
Let a = 70 + -65. Suppose 3*r + 0*r = -h + 1063, -h + 1053 = a*r. What is the tens digit of h?
7
Let g = -96 - -100. Suppose 4*o = -g*d + 712, 3*o - 3*d - 834 + 330 = 0. What is the units digit of o?
3
Let t(h) = 1280*h - 1316. What is the units digit of t(4)?
4
Let i = 12995 + -2328. What is the units digit of i?
7
Suppose 732 = 57*t - 54*t. Suppose -118*z = -119*z + t. What is the units digit of z?
4
Let u(w) = 17*w**2 + 33*w + 14. Let r be u(-9). Let b = -301 + r. What is the tens digit of b?
9
Let i(r) = -305*r + 13. Let s = 29 + -30. What is the units digit of i(s)?
8
Let m(s) be the first derivative of 2*s**3/3 + 21*s**2/2 + 11*s + 17. Let t be m(-9). Let v(h) = 2*h**2 + 19*h + 21. What is the hundreds digit of v(t)?
2
Let g(m) = m**2 + 7*m. Let d be g(-7). Let v(h) = 2*h + 117 - 304*h**2 + 305*h**2 - 3*h. What is the units digit of v(d)?
7
Suppose 0 = 3*o - b - 12448, -4*b = -3*o + 13426 - 975. What is the hundreds digit of o?
1
Let h = 80 + -86. Let z(y) = -18*y + 95. What is the units digit of z(h)?
3
Let j = 219 + -225. Let k(m) = -116*m - 41. What is the tens digit of k(j)?
5
Suppose -7*y + 185 - 45 = 0. Let j(o) = -o**2 + 30*o - 64. Let k be j(y). Let w = k - -56. What is the hundreds digit of w?
1
Let n = 4517 + -1694. Suppose -1117 + 3263 = 3*c + 2*k, -4*c + 5*k + n = 0. What is the units digit of c?
2
Let k = 5487 - 1707. What is the hundreds digit of k?
7
Let v = 104 + -104. Suppose 0 = 5*l, 3*m - 2*l - 3*l - 1344 = v. What is the tens digit of m?
4
Let d = 22961 - 16221. What is the units digit of d?
0
What is the hundreds digit of (-1 - -5 - 59)*(-567 + -2)?
2
Suppose 3*a + 26 = 5*o, -4*a + o - 5*o + 8 = 0. Let g be (-3 - a) + (-3 - 287). Let i = -207 - g. What is the tens digit of i?
8
Suppose -90*f = 416*f - 113*f - 18351135. What is the hundreds digit of f?
6
Let a(h) = -h**2 - 7*h + 10. Let u be a(-8). Suppose -u*w = 4*v - 33 - 19, -2*w + 22 = -2*v. Suppose 17*c - 225 = w*c. What is the units digit of c?
5
Let v(f) = 1. Let o(y) = -2*y - 22. Let n(g) = 4*o(g) + 56*v(g). Let j = -11 - 2. What is the units digit of n(j)?
2
Let z(g) = -43*g + 7. Let d(q) = -2*q - 23. Let x(k) = -k**2 + 7*k - 2. Let m be x(8). Let h be d(m). What is the hundreds digit of z(h)?
1
Suppose r - 4*i = 18634, 0 = 2*r + 25*i - 18*i - 37163. What is the ten thousands digit of r?
1
Suppose g + 2*g = 3*v + 1299, 3*v + 865 = 2*g. Let c = 985 - g. What is the hundreds digit of c?
5
Suppose -2*p = s - 8, 0*s + 